{"id":12,"date":"2022-11-15T17:10:51","date_gmt":"2022-11-15T16:10:51","guid":{"rendered":"http:\/\/gtaqua.de\/?page_id=12"},"modified":"2022-11-17T09:48:48","modified_gmt":"2022-11-17T08:48:48","slug":"gtaqua-2","status":"publish","type":"page","link":"https:\/\/gtaqua.de\/","title":{"rendered":"GTaqua"},"content":{"rendered":"\n<div class=\"wp-block-cover alignfull is-light\"><span aria-hidden=\"true\" class=\"wp-block-cover__background has-background-dim-10 has-background-dim\"><\/span><video class=\"wp-block-cover__video-background intrinsic-ignore\" autoplay muted loop playsinline src=\"http:\/\/gtaqua.de\/wp-content\/uploads\/2022\/11\/vecteezy_aquarium-fish-in-the-aquarium_2493680.mp4\" data-object-fit=\"cover\"><\/video><div class=\"wp-block-cover__inner-container is-layout-flow wp-block-cover-is-layout-flow\">\n<p class=\"has-text-align-center has-large-font-size\"><strong>ZUBEREITUNGEN UND D\u00dcNGEMITTEL VON ENTHUSIASTEN<\/strong><\/p>\n\n\n\n<p class=\"has-text-align-center\"><sub>Rezepte und Formeln die im Laufe der Jahre an die Erwartungen anspruchsvoller Aquarianer angepasst wurden<\/sub><\/p>\n<\/div><\/div>\n\n\n\n<h2 class=\"has-text-align-center has-text-align-wide has-normal-font-size wp-block-heading\" style=\"line-height:1.1\"><strong>Pr\u00e4parate und D\u00fcngemittel f\u00fcr anspruchsvolle Aquarianer, <\/strong><\/h2>\n\n\n\n<h2 class=\"has-text-align-center has-text-align-wide has-normal-font-size wp-block-heading\" style=\"line-height:1.1\"><strong>mit Leidenschaft und Flei\u00df von Enthusiasten kreiert<\/strong><\/h2>\n\n\n\n<hr class=\"wp-block-separator aligncenter has-text-color has-alpha-channel-opacity has-background is-style-twentytwentyone-separator-thick\" style=\"background-color:#3757cb;color:#3757cb\"\/>\n\n\n\n<p class=\"has-small-font-size\">GT Aqua besteht aus Aquaristik-Enthusiasten, f\u00fcr die die Sch\u00f6nheit der Unterwasserwelt etwas Besonderes ist. Aus der langj\u00e4hrigen Erfahrung im Betrieb von Pflanzentanks entstand die Idee, einzigartige Produkte f\u00fcr die gleichen Enthusiasten wie wir zu schaffen. Wir bem\u00fchen uns, dass alle unsere Produkte den Erwartungen anspruchsvoller Aquarianer entsprechen<\/p>\n\n\n\n<div style=\"height:8px\" aria-hidden=\"true\" class=\"wp-block-spacer\"><\/div>\n\n\n\n<hr class=\"wp-block-separator has-text-color has-alpha-channel-opacity has-background\" style=\"background-color:#3757cb;color:#3757cb\"\/>\n\n\n\n<h2 class=\"has-text-align-center wp-block-heading\">ENTDECKE UNSERE N\u00c4HRSTOFFE<\/h2>\n\n\n\n<div class=\"wp-block-columns alignwide are-vertically-aligned-top is-style-default is-layout-flex wp-container-core-columns-is-layout-9d6595d7 wp-block-columns-is-layout-flex\">\n<div class=\"wp-block-column is-vertically-aligned-top is-layout-flow wp-block-column-is-layout-flow\" style=\"padding-top:0;padding-right:0;padding-bottom:0;padding-left:0\" id=\"alle_produkte\">\n<figure class=\"wp-block-gallery alignfull has-nested-images columns-default is-cropped wp-block-gallery-1 is-layout-flex wp-block-gallery-is-layout-flex\">\n<figure class=\"wp-block-image size-full\" id=\"Produkte\"><a href=\"http:\/\/gtaqua.de\/index.php\/produkte\"><img loading=\"lazy\" decoding=\"async\" width=\"600\" height=\"464\" data-id=\"74\" src=\"http:\/\/gtaqua.de\/wp-content\/uploads\/2022\/11\/gt-aqua-range-1.jpeg\" alt=\"Kollektion GTaqua Produkte\" class=\"wp-image-74\" title=\"GTaqua Produkte\" srcset=\"https:\/\/gtaqua.de\/wp-content\/uploads\/2022\/11\/gt-aqua-range-1.jpeg 600w, https:\/\/gtaqua.de\/wp-content\/uploads\/2022\/11\/gt-aqua-range-1-300x232.jpeg 300w\" sizes=\"auto, (max-width: 600px) 100vw, 600px\" \/><\/a><\/figure>\n<\/figure>\n\n\n\n<div style=\"height:7px\" aria-hidden=\"true\" class=\"wp-block-spacer\"><\/div>\n<\/div>\n<\/div>\n","protected":false},"excerpt":{"rendered":"<p>Pr\u00e4parate und D\u00fcngemittel f\u00fcr anspruchsvolle Aquarianer, mit Leidenschaft und Flei\u00df von Enthusiasten kreiert GT Aqua besteht aus Aquaristik-Enthusiasten, f\u00fcr die die Sch\u00f6nheit der Unterwasserwelt etwas Besonderes ist. Aus der langj\u00e4hrigen Erfahrung im Betrieb von Pflanzentanks entstand die Idee, einzigartige Produkte f\u00fcr die gleichen Enthusiasten wie wir zu schaffen. Wir bem\u00fchen uns, dass alle unsere Produkte&hellip; <a class=\"more-link\" href=\"https:\/\/gtaqua.de\/\">Continue reading <span class=\"screen-reader-text\">GTaqua<\/span><\/a><\/p>\n","protected":false},"author":1,"featured_media":0,"parent":0,"menu_order":0,"comment_status":"closed","ping_status":"closed","template":"","meta":{"footnotes":""},"class_list":["post-12","page","type-page","status-publish","hentry","entry"],"_links":{"self":[{"href":"https:\/\/gtaqua.de\/index.php\/wp-json\/wp\/v2\/pages\/12","targetHints":{"allow":["GET"]}}],"collection":[{"href":"https:\/\/gtaqua.de\/index.php\/wp-json\/wp\/v2\/pages"}],"about":[{"href":"https:\/\/gtaqua.de\/index.php\/wp-json\/wp\/v2\/types\/page"}],"author":[{"embeddable":true,"href":"https:\/\/gtaqua.de\/index.php\/wp-json\/wp\/v2\/users\/1"}],"replies":[{"embeddable":true,"href":"https:\/\/gtaqua.de\/index.php\/wp-json\/wp\/v2\/comments?post=12"}],"version-history":[{"count":19,"href":"https:\/\/gtaqua.de\/index.php\/wp-json\/wp\/v2\/pages\/12\/revisions"}],"predecessor-version":[{"id":196,"href":"https:\/\/gtaqua.de\/index.php\/wp-json\/wp\/v2\/pages\/12\/revisions\/196"}],"wp:attachment":[{"href":"https:\/\/gtaqua.de\/index.php\/wp-json\/wp\/v2\/media?parent=12"}],"curies":[{"name":"wp","href":"https:\/\/api.w.org\/{rel}","templated":true}]}}