{"id":14,"date":"2022-11-15T17:10:51","date_gmt":"2022-11-15T16:10:51","guid":{"rendered":"http:\/\/gtaqua.de\/?page_id=14"},"modified":"2022-11-18T11:38:22","modified_gmt":"2022-11-18T10:38:22","slug":"kontakt","status":"publish","type":"page","link":"https:\/\/gtaqua.de\/index.php\/kontakt\/","title":{"rendered":"Kontakt"},"content":{"rendered":"\n<p class=\"has-small-font-size\">Die Marke <strong>GT aqua<\/strong> <sup>(c)<\/sup> ist in Deutschland im Exklusiv-Vertrieb der<\/p>\n\n\n\n<p class=\"has-small-font-size\" style=\"line-height:0\"><strong>Terre et Beaut\u00e9 UG<\/strong><\/p>\n\n\n\n<p class=\"has-small-font-size\" style=\"line-height:0\">Schengener Stra\u00dfe 15<\/p>\n\n\n\n<p class=\"has-small-font-size\" style=\"line-height:0\">66706 Perl \/ Saarland<\/p>\n\n\n\n<p class=\"has-small-font-size\" style=\"line-height:0\">Deutschland<\/p>\n\n\n\n<p class=\"has-small-font-size\">Email:  info@gtaqua.de <\/p>\n\n\n\n<p class=\"has-small-font-size\">T: +49 (0)6867 7989 -728<\/p>\n\n\n\n<p class=\"has-small-font-size\">Gesch\u00e4ftsf\u00fchrer: Herr A. Fl\u00f6rke<\/p>\n\n\n\n<p class=\"has-small-font-size\">Handelsregister B  Amtsgericht Saarbr\u00fccken HRB 105247<\/p>\n\n\n\n<p class=\"has-small-font-size\">USt.-Id:  DE324007507<\/p>\n","protected":false},"excerpt":{"rendered":"<p>Die Marke GT aqua (c) ist in Deutschland im Exklusiv-Vertrieb der Terre et Beaut\u00e9 UG Schengener Stra\u00dfe 15 66706 Perl \/ Saarland Deutschland Email: info@gtaqua.de T: +49 (0)6867 7989 -728 Gesch\u00e4ftsf\u00fchrer: Herr A. Fl\u00f6rke Handelsregister B Amtsgericht Saarbr\u00fccken HRB 105247 USt.-Id: DE324007507<\/p>\n","protected":false},"author":1,"featured_media":0,"parent":0,"menu_order":0,"comment_status":"closed","ping_status":"closed","template":"","meta":{"footnotes":""},"class_list":["post-14","page","type-page","status-publish","hentry","entry"],"_links":{"self":[{"href":"https:\/\/gtaqua.de\/index.php\/wp-json\/wp\/v2\/pages\/14","targetHints":{"allow":["GET"]}}],"collection":[{"href":"https:\/\/gtaqua.de\/index.php\/wp-json\/wp\/v2\/pages"}],"about":[{"href":"https:\/\/gtaqua.de\/index.php\/wp-json\/wp\/v2\/types\/page"}],"author":[{"embeddable":true,"href":"https:\/\/gtaqua.de\/index.php\/wp-json\/wp\/v2\/users\/1"}],"replies":[{"embeddable":true,"href":"https:\/\/gtaqua.de\/index.php\/wp-json\/wp\/v2\/comments?post=14"}],"version-history":[{"count":6,"href":"https:\/\/gtaqua.de\/index.php\/wp-json\/wp\/v2\/pages\/14\/revisions"}],"predecessor-version":[{"id":207,"href":"https:\/\/gtaqua.de\/index.php\/wp-json\/wp\/v2\/pages\/14\/revisions\/207"}],"wp:attachment":[{"href":"https:\/\/gtaqua.de\/index.php\/wp-json\/wp\/v2\/media?parent=14"}],"curies":[{"name":"wp","href":"https:\/\/api.w.org\/{rel}","templated":true}]}}